{"id":24,"date":"2023-07-30T08:46:50","date_gmt":"2023-07-30T08:46:50","guid":{"rendered":"https:\/\/ylasavonmobilistit.fi\/?page_id=24"},"modified":"2026-01-17T09:33:47","modified_gmt":"2026-01-17T09:33:47","slug":"hallitus","status":"publish","type":"page","link":"https:\/\/ylasavonmobilistit.fi\/index.php\/hallitus\/","title":{"rendered":"Yhdistyksen hallitus"},"content":{"rendered":"\n<p>HALLITUS\/YHTEYSTIEDOT 2026<br><br><span style=\"text-decoration: underline;\">Puheenjohtaja:<\/span><br>Marko Kostian p. 044 3581036 marko.kostian(\u00e4t)gmail.com<\/p>\n\n\n\n<p><span style=\"text-decoration: underline;\">Varapuheenjohtaja:<br><\/span>Arto Karppinen p. 0500 887755 akautomyynti(\u00e4t)gmail.com<\/p>\n\n\n\n<p><span style=\"text-decoration: underline;\">Sihteeri\/rahastonhoitaja:<br><\/span>Esko Huttunen p. 0400 545475 eskohuttunen57(\u00e4t)gmail.com<\/p>\n\n\n\n<p><span style=\"text-decoration: underline;\">Hallituksen j\u00e4senet:<\/span><br>Esko Huttunen<br>Arto Karppinen<br>Tommi Kukkonen<br>Juha J\u00e4\u00e4skel\u00e4inen<br>Arto Kajanus<br>Jarmo Miettinen<br><br>Hallituksen varaj\u00e4senet: Paavo H\u00e4rk\u00f6nen ja Kari Veps\u00e4l\u00e4inen<br><br>SAHK:n osallistuvan kokousedustajat: Marko Kostian, varalla Jarmo Miettinen<br><br>Vetku yhdyshenkil\u00f6: Kari Veps\u00e4l\u00e4inen, Tauno Karppinen<\/p>\n\n\n\n<p><span style=\"text-decoration: underline;\">Museoajoneuvotarkastajat:<\/span><\/p>\n\n\n\n<p>Tauno Karppinen p. 0400 800700 (vastaava)<br>Pekka R\u00f6nkk\u00f6 p. 0440 571078<br>Mika Lehtonen p. 0500 674960<\/p>\n\n\n\n<p>Museoajoneuvotarkastuksia tehd\u00e4\u00e4n Iisalmessa sopimuksen mukaan.<\/p>\n\n\n\n<p>Raskaan kaluston yhdyshenkil\u00f6:<br>Tauno Karppinen p. 0400 800700<br><br><span style=\"text-decoration: underline;\">Tapahtumaty\u00f6ryhm\u00e4n vastuuhenkil\u00f6t: <\/span><br>Grillipalvelut: Kari Veps\u00e4l\u00e4inen, Marko Kostian. <br>Talous ja turvallisuus: Esko Huttunen. <br>Liikenteenohjaus ja kentt\u00e4ty\u00f6t: Ari Kuosmanen, Paavo H\u00e4rk\u00f6nen, Juha J\u00e4\u00e4skel\u00e4inen. <br>Viestint\u00e4: Jarmo Miettinen<br><br>Tapahtumaty\u00f6ryhm\u00e4 2026 kokoontuu tarpeen mukaan<\/p>\n","protected":false},"excerpt":{"rendered":"<p>HALLITUS\/YHTEYSTIEDOT 2026 Puheenjohtaja:Marko Kostian p. 044 3581036 marko.kostian(\u00e4t)gmail.com Varapuheenjohtaja:Arto Karppinen p. 0500 887755 akautomyynti(\u00e4t)gmail.com Sihteeri\/rahastonhoitaja:Esko Huttunen p. 0400 545475 eskohuttunen57(\u00e4t)gmail.com Hallituksen j\u00e4senet:Esko HuttunenArto KarppinenTommi KukkonenJuha J\u00e4\u00e4skel\u00e4inenArto KajanusJarmo Miettinen Hallituksen varaj\u00e4senet: Paavo H\u00e4rk\u00f6nen ja Kari Veps\u00e4l\u00e4inen SAHK:n osallistuvan kokousedustajat: Marko Kostian, varalla Jarmo Miettinen Vetku yhdyshenkil\u00f6: Kari Veps\u00e4l\u00e4inen, Tauno Karppinen Museoajoneuvotarkastajat: Tauno Karppinen p. 0400 800700<span class=\"post-excerpt-end\">&hellip;<\/span><\/p>\n<p class=\"more-link\"><a href=\"https:\/\/ylasavonmobilistit.fi\/index.php\/hallitus\/\" class=\"themebutton\">Read More<\/a><\/p>\n","protected":false},"author":1,"featured_media":0,"parent":0,"menu_order":0,"comment_status":"closed","ping_status":"closed","template":"","meta":{"footnotes":""},"class_list":["post-24","page","type-page","status-publish","hentry"],"yoast_head":"<!-- This site is optimized with the Yoast SEO plugin v20.13 - https:\/\/yoast.com\/wordpress\/plugins\/seo\/ -->\n<title>Yhdistyksen hallitus - Yl\u00e4-Savon Mobilistit ja Konepy\u00f6r\u00e4ilij\u00e4t ry<\/title>\n<meta name=\"robots\" content=\"index, follow, max-snippet:-1, max-image-preview:large, max-video-preview:-1\" \/>\n<link rel=\"canonical\" href=\"https:\/\/ylasavonmobilistit.fi\/index.php\/hallitus\/\" \/>\n<meta property=\"og:locale\" content=\"fi_FI\" \/>\n<meta property=\"og:type\" content=\"article\" \/>\n<meta property=\"og:title\" content=\"Yhdistyksen hallitus - Yl\u00e4-Savon Mobilistit ja Konepy\u00f6r\u00e4ilij\u00e4t ry\" \/>\n<meta property=\"og:description\" content=\"HALLITUS\/YHTEYSTIEDOT 2026 Puheenjohtaja:Marko Kostian p. 044 3581036 marko.kostian(\u00e4t)gmail.com Varapuheenjohtaja:Arto Karppinen p. 0500 887755 akautomyynti(\u00e4t)gmail.com Sihteeri\/rahastonhoitaja:Esko Huttunen p. 0400 545475 eskohuttunen57(\u00e4t)gmail.com Hallituksen j\u00e4senet:Esko HuttunenArto KarppinenTommi KukkonenJuha J\u00e4\u00e4skel\u00e4inenArto KajanusJarmo Miettinen Hallituksen varaj\u00e4senet: Paavo H\u00e4rk\u00f6nen ja Kari Veps\u00e4l\u00e4inen SAHK:n osallistuvan kokousedustajat: Marko Kostian, varalla Jarmo Miettinen Vetku yhdyshenkil\u00f6: Kari Veps\u00e4l\u00e4inen, Tauno Karppinen Museoajoneuvotarkastajat: Tauno Karppinen p. 0400 800700&hellip;Read More\" \/>\n<meta property=\"og:url\" content=\"https:\/\/ylasavonmobilistit.fi\/index.php\/hallitus\/\" \/>\n<meta property=\"og:site_name\" content=\"Yl\u00e4-Savon Mobilistit ja Konepy\u00f6r\u00e4ilij\u00e4t ry\" \/>\n<meta property=\"article:modified_time\" content=\"2026-01-17T09:33:47+00:00\" \/>\n<meta name=\"twitter:card\" content=\"summary_large_image\" \/>\n<meta name=\"twitter:label1\" content=\"Arvioitu lukuaika\" \/>\n\t<meta name=\"twitter:data1\" content=\"1 minuutti\" \/>\n<script type=\"application\/ld+json\" class=\"yoast-schema-graph\">{\"@context\":\"https:\/\/schema.org\",\"@graph\":[{\"@type\":\"WebPage\",\"@id\":\"https:\/\/ylasavonmobilistit.fi\/index.php\/hallitus\/\",\"url\":\"https:\/\/ylasavonmobilistit.fi\/index.php\/hallitus\/\",\"name\":\"Yhdistyksen hallitus - Yl\u00e4-Savon Mobilistit ja Konepy\u00f6r\u00e4ilij\u00e4t ry\",\"isPartOf\":{\"@id\":\"https:\/\/ylasavonmobilistit.fi\/#website\"},\"datePublished\":\"2023-07-30T08:46:50+00:00\",\"dateModified\":\"2026-01-17T09:33:47+00:00\",\"breadcrumb\":{\"@id\":\"https:\/\/ylasavonmobilistit.fi\/index.php\/hallitus\/#breadcrumb\"},\"inLanguage\":\"fi\",\"potentialAction\":[{\"@type\":\"ReadAction\",\"target\":[\"https:\/\/ylasavonmobilistit.fi\/index.php\/hallitus\/\"]}]},{\"@type\":\"BreadcrumbList\",\"@id\":\"https:\/\/ylasavonmobilistit.fi\/index.php\/hallitus\/#breadcrumb\",\"itemListElement\":[{\"@type\":\"ListItem\",\"position\":1,\"name\":\"Etusivu\",\"item\":\"https:\/\/ylasavonmobilistit.fi\/\"},{\"@type\":\"ListItem\",\"position\":2,\"name\":\"Yhdistyksen hallitus\"}]},{\"@type\":\"WebSite\",\"@id\":\"https:\/\/ylasavonmobilistit.fi\/#website\",\"url\":\"https:\/\/ylasavonmobilistit.fi\/\",\"name\":\"Yl\u00e4-Savon Mobilistit ja Konepy\u00f6r\u00e4ilij\u00e4t ry\",\"description\":\"\",\"potentialAction\":[{\"@type\":\"SearchAction\",\"target\":{\"@type\":\"EntryPoint\",\"urlTemplate\":\"https:\/\/ylasavonmobilistit.fi\/?s={search_term_string}\"},\"query-input\":\"required name=search_term_string\"}],\"inLanguage\":\"fi\"}]}<\/script>\n<!-- \/ Yoast SEO plugin. -->","yoast_head_json":{"title":"Yhdistyksen hallitus - Yl\u00e4-Savon Mobilistit ja Konepy\u00f6r\u00e4ilij\u00e4t ry","robots":{"index":"index","follow":"follow","max-snippet":"max-snippet:-1","max-image-preview":"max-image-preview:large","max-video-preview":"max-video-preview:-1"},"canonical":"https:\/\/ylasavonmobilistit.fi\/index.php\/hallitus\/","og_locale":"fi_FI","og_type":"article","og_title":"Yhdistyksen hallitus - Yl\u00e4-Savon Mobilistit ja Konepy\u00f6r\u00e4ilij\u00e4t ry","og_description":"HALLITUS\/YHTEYSTIEDOT 2026 Puheenjohtaja:Marko Kostian p. 044 3581036 marko.kostian(\u00e4t)gmail.com Varapuheenjohtaja:Arto Karppinen p. 0500 887755 akautomyynti(\u00e4t)gmail.com Sihteeri\/rahastonhoitaja:Esko Huttunen p. 0400 545475 eskohuttunen57(\u00e4t)gmail.com Hallituksen j\u00e4senet:Esko HuttunenArto KarppinenTommi KukkonenJuha J\u00e4\u00e4skel\u00e4inenArto KajanusJarmo Miettinen Hallituksen varaj\u00e4senet: Paavo H\u00e4rk\u00f6nen ja Kari Veps\u00e4l\u00e4inen SAHK:n osallistuvan kokousedustajat: Marko Kostian, varalla Jarmo Miettinen Vetku yhdyshenkil\u00f6: Kari Veps\u00e4l\u00e4inen, Tauno Karppinen Museoajoneuvotarkastajat: Tauno Karppinen p. 0400 800700&hellip;Read More","og_url":"https:\/\/ylasavonmobilistit.fi\/index.php\/hallitus\/","og_site_name":"Yl\u00e4-Savon Mobilistit ja Konepy\u00f6r\u00e4ilij\u00e4t ry","article_modified_time":"2026-01-17T09:33:47+00:00","twitter_card":"summary_large_image","twitter_misc":{"Arvioitu lukuaika":"1 minuutti"},"schema":{"@context":"https:\/\/schema.org","@graph":[{"@type":"WebPage","@id":"https:\/\/ylasavonmobilistit.fi\/index.php\/hallitus\/","url":"https:\/\/ylasavonmobilistit.fi\/index.php\/hallitus\/","name":"Yhdistyksen hallitus - Yl\u00e4-Savon Mobilistit ja Konepy\u00f6r\u00e4ilij\u00e4t ry","isPartOf":{"@id":"https:\/\/ylasavonmobilistit.fi\/#website"},"datePublished":"2023-07-30T08:46:50+00:00","dateModified":"2026-01-17T09:33:47+00:00","breadcrumb":{"@id":"https:\/\/ylasavonmobilistit.fi\/index.php\/hallitus\/#breadcrumb"},"inLanguage":"fi","potentialAction":[{"@type":"ReadAction","target":["https:\/\/ylasavonmobilistit.fi\/index.php\/hallitus\/"]}]},{"@type":"BreadcrumbList","@id":"https:\/\/ylasavonmobilistit.fi\/index.php\/hallitus\/#breadcrumb","itemListElement":[{"@type":"ListItem","position":1,"name":"Etusivu","item":"https:\/\/ylasavonmobilistit.fi\/"},{"@type":"ListItem","position":2,"name":"Yhdistyksen hallitus"}]},{"@type":"WebSite","@id":"https:\/\/ylasavonmobilistit.fi\/#website","url":"https:\/\/ylasavonmobilistit.fi\/","name":"Yl\u00e4-Savon Mobilistit ja Konepy\u00f6r\u00e4ilij\u00e4t ry","description":"","potentialAction":[{"@type":"SearchAction","target":{"@type":"EntryPoint","urlTemplate":"https:\/\/ylasavonmobilistit.fi\/?s={search_term_string}"},"query-input":"required name=search_term_string"}],"inLanguage":"fi"}]}},"_links":{"self":[{"href":"https:\/\/ylasavonmobilistit.fi\/index.php\/wp-json\/wp\/v2\/pages\/24","targetHints":{"allow":["GET"]}}],"collection":[{"href":"https:\/\/ylasavonmobilistit.fi\/index.php\/wp-json\/wp\/v2\/pages"}],"about":[{"href":"https:\/\/ylasavonmobilistit.fi\/index.php\/wp-json\/wp\/v2\/types\/page"}],"author":[{"embeddable":true,"href":"https:\/\/ylasavonmobilistit.fi\/index.php\/wp-json\/wp\/v2\/users\/1"}],"replies":[{"embeddable":true,"href":"https:\/\/ylasavonmobilistit.fi\/index.php\/wp-json\/wp\/v2\/comments?post=24"}],"version-history":[{"count":8,"href":"https:\/\/ylasavonmobilistit.fi\/index.php\/wp-json\/wp\/v2\/pages\/24\/revisions"}],"predecessor-version":[{"id":1409,"href":"https:\/\/ylasavonmobilistit.fi\/index.php\/wp-json\/wp\/v2\/pages\/24\/revisions\/1409"}],"wp:attachment":[{"href":"https:\/\/ylasavonmobilistit.fi\/index.php\/wp-json\/wp\/v2\/media?parent=24"}],"curies":[{"name":"wp","href":"https:\/\/api.w.org\/{rel}","templated":true}]}}

<p>HALLITUS/YHTEYSTIEDOT 2026<br><br><span style="text-decoration: underline;">Puheenjohtaja:</span><br>Marko Kostian p. 044 3581036 marko.kostian(ät)gmail.com</p>



<p><span style="text-decoration: underline;">Varapuheenjohtaja:<br></span>Arto Karppinen p. 0500 887755 akautomyynti(ät)gmail.com</p>



<p><span style="text-decoration: underline;">Sihteeri/rahastonhoitaja:<br></span>Esko Huttunen p. 0400 545475 eskohuttunen57(ät)gmail.com</p>



<p><span style="text-decoration: underline;">Hallituksen jäsenet:</span><br>Esko Huttunen<br>Arto Karppinen<br>Tommi Kukkonen<br>Juha Jääskeläinen<br>Arto Kajanus<br>Jarmo Miettinen<br><br>Hallituksen varajäsenet: Paavo Härkönen ja Kari Vepsäläinen<br><br>SAHK:n osallistuvan kokousedustajat: Marko Kostian, varalla Jarmo Miettinen<br><br>Vetku yhdyshenkilö: Kari Vepsäläinen, Tauno Karppinen</p>



<p><span style="text-decoration: underline;">Museoajoneuvotarkastajat:</span></p>



<p>Tauno Karppinen p. 0400 800700 (vastaava)<br>Pekka Rönkkö p. 0440 571078<br>Mika Lehtonen p. 0500 674960</p>



<p>Museoajoneuvotarkastuksia tehdään Iisalmessa sopimuksen mukaan.</p>



<p>Raskaan kaluston yhdyshenkilö:<br>Tauno Karppinen p. 0400 800700<br><br><span style="text-decoration: underline;">Tapahtumatyöryhmän vastuuhenkilöt: </span><br>Grillipalvelut: Kari Vepsäläinen, Marko Kostian. <br>Talous ja turvallisuus: Esko Huttunen. <br>Liikenteenohjaus ja kenttätyöt: Ari Kuosmanen, Paavo Härkönen, Juha Jääskeläinen. <br>Viestintä: Jarmo Miettinen<br><br>Tapahtumatyöryhmä 2026 kokoontuu tarpeen mukaan</p>

<p>HALLITUS/YHTEYSTIEDOT 2026 Puheenjohtaja:Marko Kostian p. 044 3581036 marko.kostian(ät)gmail.com Varapuheenjohtaja:Arto Karppinen p. 0500 887755 akautomyynti(ät)gmail.com Sihteeri/rahastonhoitaja:Esko Huttunen p. 0400 545475 eskohuttunen57(ät)gmail.com Hallituksen jäsenet:Esko HuttunenArto KarppinenTommi KukkonenJuha JääskeläinenArto KajanusJarmo Miettinen Hallituksen varajäsenet: Paavo Härkönen ja Kari Vepsäläinen SAHK:n osallistuvan kokousedustajat: Marko Kostian, varalla Jarmo Miettinen Vetku yhdyshenkilö: Kari Vepsäläinen, Tauno Karppinen Museoajoneuvotarkastajat: Tauno Karppinen p. 0400 800700<span class="post-excerpt-end">&hellip;</span></p>
<p class="more-link"><a href="https://ylasavonmobilistit.fi/index.php/hallitus/" class="themebutton">Read More</a></p>

<!-- This site is optimized with the Yoast SEO plugin v20.13 - https://yoast.com/wordpress/plugins/seo/ -->
<title>Yhdistyksen hallitus - Ylä-Savon Mobilistit ja Konepyöräilijät ry</title>
<meta name="robots" content="index, follow, max-snippet:-1, max-image-preview:large, max-video-preview:-1" />
<link rel="canonical" href="https://ylasavonmobilistit.fi/index.php/hallitus/" />
<meta property="og:locale" content="fi_FI" />
<meta property="og:type" content="article" />
<meta property="og:title" content="Yhdistyksen hallitus - Ylä-Savon Mobilistit ja Konepyöräilijät ry" />
<meta property="og:description" content="HALLITUS/YHTEYSTIEDOT 2026 Puheenjohtaja:Marko Kostian p. 044 3581036 marko.kostian(ät)gmail.com Varapuheenjohtaja:Arto Karppinen p. 0500 887755 akautomyynti(ät)gmail.com Sihteeri/rahastonhoitaja:Esko Huttunen p. 0400 545475 eskohuttunen57(ät)gmail.com Hallituksen jäsenet:Esko HuttunenArto KarppinenTommi KukkonenJuha JääskeläinenArto KajanusJarmo Miettinen Hallituksen varajäsenet: Paavo Härkönen ja Kari Vepsäläinen SAHK:n osallistuvan kokousedustajat: Marko Kostian, varalla Jarmo Miettinen Vetku yhdyshenkilö: Kari Vepsäläinen, Tauno Karppinen Museoajoneuvotarkastajat: Tauno Karppinen p. 0400 800700&hellip;Read More" />
<meta property="og:url" content="https://ylasavonmobilistit.fi/index.php/hallitus/" />
<meta property="og:site_name" content="Ylä-Savon Mobilistit ja Konepyöräilijät ry" />
<meta property="article:modified_time" content="2026-01-17T09:33:47+00:00" />
<meta name="twitter:card" content="summary_large_image" />
<meta name="twitter:label1" content="Arvioitu lukuaika" />
	<meta name="twitter:data1" content="1 minuutti" />
<script type="application/ld+json" class="yoast-schema-graph">{"@context":"https://schema.org","@graph":[{"@type":"WebPage","@id":"https://ylasavonmobilistit.fi/index.php/hallitus/","url":"https://ylasavonmobilistit.fi/index.php/hallitus/","name":"Yhdistyksen hallitus - Ylä-Savon Mobilistit ja Konepyöräilijät ry","isPartOf":{"@id":"https://ylasavonmobilistit.fi/#website"},"datePublished":"2023-07-30T08:46:50+00:00","dateModified":"2026-01-17T09:33:47+00:00","breadcrumb":{"@id":"https://ylasavonmobilistit.fi/index.php/hallitus/#breadcrumb"},"inLanguage":"fi","potentialAction":[{"@type":"ReadAction","target":["https://ylasavonmobilistit.fi/index.php/hallitus/"]}]},{"@type":"BreadcrumbList","@id":"https://ylasavonmobilistit.fi/index.php/hallitus/#breadcrumb","itemListElement":[{"@type":"ListItem","position":1,"name":"Etusivu","item":"https://ylasavonmobilistit.fi/"},{"@type":"ListItem","position":2,"name":"Yhdistyksen hallitus"}]},{"@type":"WebSite","@id":"https://ylasavonmobilistit.fi/#website","url":"https://ylasavonmobilistit.fi/","name":"Ylä-Savon Mobilistit ja Konepyöräilijät ry","description":"","potentialAction":[{"@type":"SearchAction","target":{"@type":"EntryPoint","urlTemplate":"https://ylasavonmobilistit.fi/?s={search_term_string}"},"query-input":"required name=search_term_string"}],"inLanguage":"fi"}]}</script>
<!-- / Yoast SEO plugin. -->

Yhdistyksen hallitus - Ylä-Savon Mobilistit ja Konepyöräilijät ry

HALLITUS/YHTEYSTIEDOT 2026 Puheenjohtaja:Marko Kostian p. 044 3581036 marko.kostian(ät)gmail.com Varapuheenjohtaja:Arto Karppinen p. 0500 887755 akautomyynti(ät)gmail.com Sihteeri/rahastonhoitaja:Esko Huttunen p. 0400 545475 eskohuttunen57(ät)gmail.com Hallituksen jäsenet:Esko HuttunenArto KarppinenTommi KukkonenJuha JääskeläinenArto KajanusJarmo Miettinen Hallituksen varajäsenet: Paavo Härkönen ja Kari Vepsäläinen SAHK:n osallistuvan kokousedustajat: Marko Kostian, varalla Jarmo Miettinen Vetku yhdyshenkilö: Kari Vepsäläinen, Tauno Karppinen Museoajoneuvotarkastajat: Tauno Karppinen p. 0400 800700&hellip;Read More

Ylä-Savon Mobilistit ja Konepyöräilijät ry
