{"id":23,"date":"2023-07-30T08:46:50","date_gmt":"2023-07-30T08:46:50","guid":{"rendered":"https:\/\/ylasavonmobilistit.fi\/?page_id=23"},"modified":"2025-03-18T16:25:00","modified_gmt":"2025-03-18T16:25:00","slug":"yhdistyksen-saannot","status":"publish","type":"page","link":"https:\/\/ylasavonmobilistit.fi\/index.php\/yhdistyksen-saannot\/","title":{"rendered":"Yhdistyksen s\u00e4\u00e4nn\u00f6t"},"content":{"rendered":"\n<p>YL\u00c4-SAVON MOBILISTIT JA KONEPY\u00d6R\u00c4ILIJ\u00c4T<\/p>\n\n\n\n<p>YHDISTYKSEN S\u00c4\u00c4NN\u00d6T<\/p>\n\n\n\n<p>1 Luku<br>Yhdistyksen nimi, kotipaikka ja tarkoitus<\/p>\n\n\n\n<p>1 \u00a7 Yhdistyksen nimi ja kotipaikka<\/p>\n\n\n\n<p>Yhdistyksen nimi on Yl\u00e4-Savon Mobilistit ja Konepy\u00f6r\u00e4ilij\u00e4t ja sen kotipaikka on Iisalmi ja toimialue Yl\u00e4-Savo. Yhdistys on valtakunnallisen Suomen ajoneuvohistoriallisen keskusliiton &#8211; SAHK ry:n j\u00e4senyhdistys.<\/p>\n\n\n\n<p>2 \u00a7 Yhdistyksen tarkoitus<\/p>\n\n\n\n<p>Yhdistyksen tarkoituksena on<\/p>\n\n\n\n<ol class=\"wp-block-list\">\n<li>edist\u00e4\u00e4 historiallisesti arvokkaiden moottoriajoneuvojen entist\u00e4mist\u00e4 ja s\u00e4ilytt\u00e4mist\u00e4,<\/li>\n\n\n\n<li>koota yhteistoimintaan vanhojen ajoneuvojen harrastajat ja<\/li>\n\n\n\n<li>kehitt\u00e4\u00e4 yhdistyksen tarkoitusperi\u00e4 edist\u00e4v\u00e4\u00e4 toimintaa toimialueellaan.<\/li>\n<\/ol>\n\n\n\n<p>Yhdistys ei osallistu poliittiseen eik\u00e4 uskonnolliseen toimintaan.<\/p>\n\n\n\n<p>3 \u00a7 Toiminnan tukeminen<\/p>\n\n\n\n<p>Toimintansa tukemiseksi yhdistys voi:<\/p>\n\n\n\n<ol class=\"wp-block-list\">\n<li>j\u00e4rjest\u00e4\u00e4 n\u00e4yttelyit\u00e4, ajoja, retkeilyj\u00e4 ja kuntoisuuskilpailuja historiallisille moottoriajoneuvoille,<\/li>\n\n\n\n<li>toimeenpanna j\u00e4sentens\u00e4 keskuudessa yhteisi\u00e4 pyrkimyksi\u00e4 selvent\u00e4vi\u00e4 kokous- ja esitelm\u00e4tilaisuuksia,<\/li>\n\n\n\n<li>julkaista historiallisia moottoriajoneuvoja koskevaa kirjallista materiaalia,<\/li>\n\n\n\n<li>harjoittaa muutakin samanlaatuista yhdistyksen tarkoitusperi\u00e4 edist\u00e4v\u00e4\u00e4 aatteellista toimintaa.<\/li>\n<\/ol>\n\n\n\n<p>Toimintansa tukemiseksi yhdistys voi vastaanottaa testamentti- ym. lahjoituksia, sek\u00e4 asianomaisella luvalla voi toimeenpanna rahanker\u00e4yksi\u00e4. Yhdistys voi omistaa toimintaansa varten tarpeellista irtainta ja kiinte\u00e4\u00e4 omaisuutta.<\/p>\n\n\n\n<p>2 Luku<br>J\u00e4senet<\/p>\n\n\n\n<p>4 \u00a7 J\u00e4senet<\/p>\n\n\n\n<p>Yhdistyksen j\u00e4seni\u00e4 ovat varsinaiset, kannatus- ja kunniaj\u00e4senet. Yhdistyksen varsinaiseksi j\u00e4seneksi voidaan hyv\u00e4ksy\u00e4 jokainen, joka hyv\u00e4ksyy yhdistyksen tarkoituksen ja s\u00e4\u00e4nn\u00f6t, sek\u00e4 maksaa yhdistyksen liittymis- ja j\u00e4senmaksun.<\/p>\n\n\n\n<p>Yhdistyksen kannatusj\u00e4seneksi voidaan hyv\u00e4ksy\u00e4 suomalainen tai ulkomaalainen luonnollinen henkil\u00f6 ja oikeuskelpoinen yhteis\u00f6 tai s\u00e4\u00e4ti\u00f6, joka haluaa tukea yhdistyksen tarkoitusta ja toimintaa.<\/p>\n\n\n\n<p>Yhdistyksen kunniaj\u00e4seneksi voi yhdistyksen kokous v\u00e4hint\u00e4\u00e4n kolmen nelj\u00e4sosan (\u00be) enemmist\u00f6ll\u00e4 annetuista \u00e4\u00e4nist\u00e4 kutsua henkil\u00f6n, joka on erityisen ansioitunut yhdistyksen toiminnassa tai muuten merkitt\u00e4v\u00e4sti edist\u00e4nyt sen pyrkimyksi\u00e4.<\/p>\n\n\n\n<p>Esityksen kunniaj\u00e4seneksi kutsumisesta tekee hallitus tai v\u00e4hint\u00e4\u00e4n kymmenesosa (1\/10) yhdistyksen varsinaisista j\u00e4senist\u00e4.<\/p>\n\n\n\n<p>5 \u00a7 J\u00e4senluettelo<\/p>\n\n\n\n<p>Yhdistyksen hallitus pit\u00e4\u00e4 j\u00e4senluetteloa, johon merkit\u00e4\u00e4n kunkin j\u00e4senen t\u00e4ydellinen nimi ja kotipaikka. J\u00e4sen on velvollinen ilmoittamaan yhdistykselle kotipaikkaansa ja nimeens\u00e4 kohdistuvista muutoksista.<\/p>\n\n\n\n<p>6 \u00a7 J\u00e4senmaksut<\/p>\n\n\n\n<p>Varsinaisilta j\u00e4senilt\u00e4 peritt\u00e4v\u00e4n liittymismaksun ja vuotuisen j\u00e4senmaksun, sek\u00e4 kannatusj\u00e4senten kannatusj\u00e4senmaksun suuruudesta p\u00e4\u00e4tt\u00e4\u00e4 yhdistyksen syyskokous.<\/p>\n\n\n\n<p>Yhdistyksen varsinaiset j\u00e4senet maksavat vuosittain j\u00e4senmaksun, johon sis\u00e4ltyy j\u00e4senen j\u00e4senmaksu yhdistykselle ja yhdistyksen j\u00e4senest\u00e4\u00e4n maksama j\u00e4senmaksu Suomen Automobiili \u2013 Historiallinen Klubi \u2013 Finlands Automobil Klubb ry:lle.<\/p>\n\n\n\n<p>7 \u00a7 Yhdistykseen liittyminen<\/p>\n\n\n\n<p>Sen, joka tahtoo liitty\u00e4 yhdistyksen j\u00e4seneksi, on ilmoitettava aikomuksestaan yhdistykselle. J\u00e4seneksi hyv\u00e4ksymisest\u00e4 p\u00e4\u00e4tt\u00e4\u00e4 hallitus, kunniaj\u00e4senten osalta kuitenkin yhdistyksen kokous.<\/p>\n\n\n\n<p>8 \u00a7 Yhdistyksest\u00e4 eroaminen<\/p>\n\n\n\n<p>J\u00e4senell\u00e4 on oikeus milloin tahansa erota yhdistyksest\u00e4 ilmoittamalla siit\u00e4 kirjallisesti yhdistyksen hallitukselle tai sen puheenjohtajalle. J\u00e4sen voi my\u00f6s erota ilmoittamalla siit\u00e4 yhdistyksen kokouksessa p\u00f6yt\u00e4kirjaan merkitt\u00e4v\u00e4ksi. J\u00e4sen katsotaan eronneeksi yhdistyksest\u00e4, mik\u00e4li h\u00e4n ei ole maksanut j\u00e4senmaksuansa yhden (1) kuukauden aikana j\u00e4senmaksulaskussa mainitusta maksup\u00e4iv\u00e4m\u00e4\u00e4r\u00e4st\u00e4 lukien.<\/p>\n\n\n\n<p>9 \u00a7 Yhdistyksest\u00e4 erottaminen<\/p>\n\n\n\n<p>Yhdistyksen hallitus voi erottaa j\u00e4senen yhdistyksest\u00e4, jos j\u00e4sen on j\u00e4tt\u00e4nyt er\u00e4\u00e4ntyneen j\u00e4senmaksunsa maksamatta tai jos h\u00e4n on menettelyll\u00e4\u00e4n yhdistyksess\u00e4 tai sen ulkopuolella huomattavasti vahingoittanut yhdistyst\u00e4 tai ei t\u00e4yt\u00e4 laissa tai yhdistyksen s\u00e4\u00e4nn\u00f6iss\u00e4 mainittuja j\u00e4senyyden ehtoja.<\/p>\n\n\n\n<p>Ennen erottamisp\u00e4\u00e4t\u00f6ksen tekemist\u00e4 asianomaiselle j\u00e4senelle on varattava tilaisuus selityksen antamiseen asiassa paitsi milloin erottamisen syyn\u00e4 on j\u00e4senmaksun maksamatta j\u00e4tt\u00e4minen.<br>Erottamisp\u00e4\u00e4t\u00f6s on viipym\u00e4tt\u00e4 toimitettava kirjallisena erotetulle, paitsi milloin erottamisen syyn\u00e4 on j\u00e4senmaksun maksamatta j\u00e4tt\u00e4minen.<\/p>\n\n\n\n<p>10 \u00a7 Erottamisp\u00e4\u00e4t\u00f6ksest\u00e4 valittaminen<\/p>\n\n\n\n<p>Yhdistyksen hallituksen erottamalla j\u00e4senell\u00e4 on oikeus kirjallisesti valittaa p\u00e4\u00e4t\u00f6ksest\u00e4 yhdistyksen kokoukselle. Valitus on toimitettava hallitukselle kolmenkymmenen (30) vuorokauden kuluessa erottamisesta p\u00e4\u00e4tt\u00e4neest\u00e4 hallituksen kokouksesta ja se on k\u00e4sitelt\u00e4v\u00e4 seuraavassa yhdistyksen kokouksessa, kuitenkin viimeist\u00e4\u00e4n kuudenkymmenen (60) vuorokauden sis\u00e4ll\u00e4 valituksen j\u00e4tt\u00f6p\u00e4iv\u00e4st\u00e4.<\/p>\n\n\n\n<p>3 Luku<br>Yhdistyksen kokoukset<\/p>\n\n\n\n<p>11 \u00a7 Yhdistyksen kokoukset<\/p>\n\n\n\n<p>Yhdistys pit\u00e4\u00e4 vuosittain kaksi varsinaista kokousta.<\/p>\n\n\n\n<p>Yhdistyksen kev\u00e4tkokous pidet\u00e4\u00e4n maalis- huhtikuussa ja syyskokous marras-joulukuussa hallituksen m\u00e4\u00e4r\u00e4\u00e4m\u00e4n\u00e4 p\u00e4iv\u00e4n\u00e4.<br>Ylim\u00e4\u00e4r\u00e4inen kokous pidet\u00e4\u00e4n, kun yhdistyksen kokous niin p\u00e4\u00e4tt\u00e4\u00e4 tai kun hallitus katsoo siihen olevan aihetta tai kun v\u00e4hint\u00e4\u00e4n kymmenesosa (1\/10) yhdistyksen \u00e4\u00e4nioikeutetuista j\u00e4senist\u00e4 sit\u00e4 hallitukselta erityisesti ilmoitettua asiaa varten kirjallisesti vaatii. Kokous on pidett\u00e4v\u00e4 kolmenkymmenen (30) vuorokauden kuluessa siit\u00e4, kun vaatimus sen pit\u00e4misest\u00e4 on esitetty hallitukselle.<\/p>\n\n\n\n<p>12 \u00a7 Kev\u00e4tkokous<\/p>\n\n\n\n<p>Yhdistyksen kev\u00e4tkokouksessa k\u00e4sitell\u00e4\u00e4n ainakin seuraavat asiat:<\/p>\n\n\n\n<ol class=\"wp-block-list\">\n<li>Kokouksen avaus<\/li>\n\n\n\n<li>Kokouksen j\u00e4rjest\u00e4ytyminen<\/li>\n\n\n\n<li>Kokouksen laillisuus ja p\u00e4\u00e4t\u00f6svaltaisuus<\/li>\n\n\n\n<li>Kokouksen ty\u00f6j\u00e4rjestys<\/li>\n\n\n\n<li>Tilinp\u00e4\u00e4t\u00f6ksen, toimintakertomuksen ja tilintarkastajien lausunnon esittely<\/li>\n\n\n\n<li>Tilinp\u00e4\u00e4t\u00f6ksen vahvistaminen<\/li>\n\n\n\n<li>Vastuuvapauden my\u00f6nt\u00e4minen hallitukselle ja muille vastuuvelvollisille<\/li>\n\n\n\n<li>Muut kokouskutsussa mainitut asiat<\/li>\n\n\n\n<li>Kokouksen p\u00e4\u00e4tt\u00e4minen.<\/li>\n<\/ol>\n\n\n\n<p>13 \u00a7 Syyskokous<\/p>\n\n\n\n<p>Yhdistyksen syyskokouksessa k\u00e4sitell\u00e4\u00e4n ainakin seuraavat asiat:<\/p>\n\n\n\n<ol class=\"wp-block-list\">\n<li>Kokouksen avaus<\/li>\n\n\n\n<li>Kokouksen j\u00e4rjest\u00e4ytyminen<\/li>\n\n\n\n<li>Kokouksen laillisuus ja p\u00e4\u00e4t\u00f6svaltaisuus<\/li>\n\n\n\n<li>Kokouksen ty\u00f6j\u00e4rjestys<\/li>\n\n\n\n<li>Hallituksen laatima toimintasuunnitelma seuraavalle toimintakaudelle<\/li>\n\n\n\n<li>Hallituksen laatima talousarvio seuraavalle toimintakaudelle<\/li>\n\n\n\n<li>Yhdistyksen liittymismaksun, j\u00e4senmaksujen ja kannatusj\u00e4senmaksujen suuruus ja n\u00e4iden maksamisen er\u00e4p\u00e4iv\u00e4<\/li>\n\n\n\n<li>Hallituksen puheenjohtajan valinta seuraavaksi toimikaudeksi<\/li>\n\n\n\n<li>Hallituksen varsinaisten j\u00e4senten valinta erovuoroisten tilalle ja varaj\u00e4senten valinta seuraavaksi toimikaudeksi<\/li>\n\n\n\n<li>Yhden (1) tilintarkastajan sek\u00e4 yhden (1) varatilintarkastajan valinta seuraavaksi toimikaudeksi<\/li>\n\n\n\n<li>Muut kokouskutsussa mainitut asiat<\/li>\n\n\n\n<li>Kokouksen p\u00e4\u00e4tt\u00e4minen.<\/li>\n<\/ol>\n\n\n\n<p>14 \u00a7 Oikeudet yhdistyksen kokouksissa<\/p>\n\n\n\n<p>Yhdistyksen kokouksissa on l\u00e4sn\u00e4olo- ja puheoikeus kaikilla yhdistyksen j\u00e4senill\u00e4. Yhdistyksen kokouksissa on jokaisella varsinaisella j\u00e4senell\u00e4 yksi \u00e4\u00e4ni samoin kuin kunniaj\u00e4senell\u00e4, joka on tai on aiemmin ollut yhdistyksen varsinainen j\u00e4sen. Valtakirjalla ei voi \u00e4\u00e4nest\u00e4\u00e4.<\/p>\n\n\n\n<p>Kokouksen p\u00e4\u00e4t\u00f6ksell\u00e4 voidaan yhdistykseen kuulumattomalle henkil\u00f6lle my\u00f6nt\u00e4\u00e4 l\u00e4sn\u00e4olo- sek\u00e4 puheoikeus.<\/p>\n\n\n\n<p>15 \u00a7 P\u00e4\u00e4t\u00f6ksenteko<\/p>\n\n\n\n<p>Yhdistyksen kokouksen p\u00e4\u00e4t\u00f6kseksi tulee se mielipide, jota on kannattanut yli puolet annetuista \u00e4\u00e4nist\u00e4, ellei muualla n\u00e4iss\u00e4 s\u00e4\u00e4nn\u00f6iss\u00e4 toisin m\u00e4\u00e4r\u00e4t\u00e4. \u00c4\u00e4nten menness\u00e4 tasan ratkaisee se mielipide, jota kokouksen puheenjohtaja ilmoittaa kannattavansa, vaaleissa kuitenkin arpa.<\/p>\n\n\n\n<p>16 \u00a7 Yhdistyksen kokousten koollekutsuminen<\/p>\n\n\n\n<p>Yhdistyksen kokouksen kokouskutsussa on mainittava kokouksen aika, paikka ja kokouksessa k\u00e4sitelt\u00e4v\u00e4t asiat. Hallituksen on kutsuttava yhdistyksen kokoukset koolle v\u00e4hint\u00e4\u00e4n nelj\u00e4toista (14) vuorokautta ennen kokousta j\u00e4senille postitetuilla kirjeill\u00e4 tai s\u00e4hk\u00f6postitse.<\/p>\n\n\n\n<p>17 \u00a7 Laillisuus ja p\u00e4\u00e4t\u00f6svaltaisuus<\/p>\n\n\n\n<p>Kokous on laillinen ja p\u00e4\u00e4t\u00f6svaltainen, jos se on yhdistyslain ja n\u00e4iden s\u00e4\u00e4nt\u00f6jen mukaisesti koolle kutsuttu.<\/p>\n\n\n\n<p>18 \u00a7 K\u00e4sitelt\u00e4v\u00e4t asiat<\/p>\n\n\n\n<p>Kokouksessa k\u00e4sitell\u00e4\u00e4n kokouskutsussa mainitut asiat. Kokous voi my\u00f6s ottaa k\u00e4sitelt\u00e4v\u00e4kseen asian, jonka kokous julistaa kiireelliseksi v\u00e4hint\u00e4\u00e4n viiden kuudesosan (5\/6) enemmist\u00f6ll\u00e4.<\/p>\n\n\n\n<p>Ainoastaan yhdistyksen kokous voi p\u00e4\u00e4tt\u00e4\u00e4 yhdistyksen s\u00e4\u00e4nt\u00f6jen muuttamisesta, kiinteist\u00f6n luovuttamisesta tai kiinnitt\u00e4misest\u00e4 taikka muun huomattavan omaisuuden luovuttamisesta, hallituksen tai sen j\u00e4senen tai tilintarkastajan valitsemisesta tai erottamisesta, tilinp\u00e4\u00e4t\u00f6ksen vahvistamisesta ja vastuuvapauden my\u00f6nt\u00e4misest\u00e4 tai yhdistyksen purkamisesta. P\u00e4\u00e4t\u00f6st\u00e4 n\u00e4ist\u00e4 ja muista merkitt\u00e4vist\u00e4 asioista ei voi tehd\u00e4, mik\u00e4li siit\u00e4 ei ole mainittu kokouskutsussa.<\/p>\n\n\n\n<p>Mik\u00e4li yhdistyksen j\u00e4sen haluaa tuoda jonkin asian yhdistyksen kokouksen k\u00e4sitelt\u00e4v\u00e4ksi, on h\u00e4nen ilmoitettava siit\u00e4 kirjallisesti hallitukselle niin hyviss\u00e4 ajoin, ett\u00e4 asia voidaan sis\u00e4llytt\u00e4\u00e4 kokouskutsuun.<\/p>\n\n\n\n<p>4 Luku<br>Hallitus<\/p>\n\n\n\n<p>19 \u00a7 Hallitus<\/p>\n\n\n\n<p>Yhdistyksen asioita hoitaa hallitus. Hallitukseen kuuluu syyskokouksessa vuodeksi kerrallaan valittu puheenjohtaja ja kuusi (6) kahdeksi vuodeksi kerrallaan valittua varsinaista j\u00e4sent\u00e4. Varsinaisista j\u00e4senist\u00e4 puolet on vuosittain erovuoroisia. Ensimm\u00e4isell\u00e4 kerralla erovuoroiset valitaan arvalla. Lis\u00e4ksi hallitukseen kuuluu kaksi (2) vuodeksi kerrallaan valittua varaj\u00e4sent\u00e4. Vain yhdistyksen varsinaiset j\u00e4senet ovat vaalikelpoisia yhdistyksen hallituksen puheenjohtajaksi. Hallituksen j\u00e4senist\u00e4 v\u00e4hint\u00e4\u00e4n puolet on oltava yhdistyksen varsinaisia j\u00e4seni\u00e4.<br>.<br>Hallituksen toimikausi on kalenterivuosi.<\/p>\n\n\n\n<p>Hallituksen puheenjohtaja kutsuu koolle hallituksen kokoukset ja johtaa puhetta niiss\u00e4. Hallitus valitsee keskuudestaan varapuheenjohtajan, sek\u00e4 valitsee keskuudestaan tai ulkopuoleltaan sihteerin, rahastonhoitajan ja muut tarvittavat toimihenkil\u00f6t. Varapuheenjohtaja huolehtii puheenjohtajan teht\u00e4vist\u00e4 t\u00e4m\u00e4n ollessa estynyt tai esteellinen.<\/p>\n\n\n\n<p>Sihteerin teht\u00e4v\u00e4n\u00e4 on laatia p\u00f6yt\u00e4kirjat yhdistyksen ja yhdistyksen hallituksen kokouksista, pit\u00e4\u00e4 luetteloa yhdistyksen j\u00e4senist\u00e4 ja huolehtia arkistosta.<\/p>\n\n\n\n<p>20 \u00a7 Hallituksen teht\u00e4v\u00e4t<\/p>\n\n\n\n<p>Hallituksen teht\u00e4viin kuuluu:<\/p>\n\n\n\n<ol class=\"wp-block-list\">\n<li>Huolellisesti hoitaa yhdistyksen asioita<\/li>\n\n\n\n<li>Edustaa yhdistyst\u00e4<\/li>\n\n\n\n<li>Laatia esitykset yhdistyksen toimintasuunnitelmaksi, talousarvioksi, toimintakertomukseksi ja tilinp\u00e4\u00e4t\u00f6kseksi<\/li>\n\n\n\n<li>Valmistella yhdistyksen kokouksissa esille tulevat asiat ja toimeenpanna niiden p\u00e4\u00e4t\u00f6kset<\/li>\n\n\n\n<li>Hoitaa yhdistyksen taloutta ja omaisuutta<\/li>\n\n\n\n<li>P\u00e4\u00e4tt\u00e4\u00e4 j\u00e4seneksi hyv\u00e4ksymisest\u00e4 lukuun ottamatta kunniaj\u00e4seni\u00e4<\/li>\n\n\n\n<li>Valvoa toimikuntien ja toimihenkil\u00f6iden toimintaa ja puuttua n\u00e4ihin tarvittaessa<\/li>\n\n\n\n<li>Kutsua yhdistyksen kokoukset koolle tarpeen vaatiessa<\/li>\n<\/ol>\n\n\n\n<p>21 \u00a7 Hallituksen kokoukset<\/p>\n\n\n\n<p>Hallitus kokoontuu puheenjohtajan tai h\u00e4nen estyneen\u00e4 ollessaan varapuheenjohtajan kutsusta, kun he katsovat siihen olevan aihetta tai kun v\u00e4hint\u00e4\u00e4n puolet hallituksen j\u00e4senist\u00e4 sit\u00e4 vaatii.<\/p>\n\n\n\n<p>Hallitus on p\u00e4\u00e4t\u00f6svaltainen, mik\u00e4li kokouksesta on tiedotettu hallituksen keskuudessaan sopimalla tavalla ja kun v\u00e4hint\u00e4\u00e4n puolet sen j\u00e4senist\u00e4, puheenjohtaja tai varapuheenjohtaja mukaan luettuna on l\u00e4sn\u00e4. \u00c4\u00e4nestykset ratkaistaan \u00e4\u00e4nten enemmist\u00f6ll\u00e4. \u00c4\u00e4nten menness\u00e4 tasan ratkaisee se mielipide, jota kokouksen puheenjohtaja ilmoittaa kannattavansa, vaaleissa kuitenkin arpa.<\/p>\n\n\n\n<p>22 \u00a7 Yhdistyksen nimen kirjoittaminen<\/p>\n\n\n\n<p>Yhdistyksen nimen kirjoittaa puheenjohtaja ja varapuheenjohtaja yhdess\u00e4 tai jompikumpi heist\u00e4 yhdess\u00e4 sihteerin tai rahastonhoitajan kanssa.<\/p>\n\n\n\n<p>5 Luku<br>Toimihenkil\u00f6t ja toimikunnat<\/p>\n\n\n\n<p>23 \u00a7 Asettaminen, toimikausi ja toimintaan osallistuminen<\/p>\n\n\n\n<p>Yhdistyksen kokous voi asioiden valmistelua varten tai hallitus avukseen asettaa toimikuntia. T\u00e4ll\u00f6in on m\u00e4\u00e4r\u00e4tt\u00e4v\u00e4 toimikuntien toimikausien pituudet, sek\u00e4 vastuuhenkil\u00f6.<\/p>\n\n\n\n<p>24 \u00a7 Toimihenkil\u00f6n ja toimikunnan erottaminen<\/p>\n\n\n\n<p>Yhdistyksen kokous voi perustellusta syyst\u00e4 vapauttaa teht\u00e4v\u00e4st\u00e4 toimikunnan kesken t\u00e4m\u00e4n toimikautta, jolloin kokouskutsussa on siit\u00e4 mainittava. Hallitus voi vapauttaa nimitt\u00e4m\u00e4ns\u00e4 toimihenkil\u00f6n tai asettamansa toimikunnan kesken t\u00e4m\u00e4n toimikautta.<\/p>\n\n\n\n<p>6 Luku<br>Hallinto ja talous<\/p>\n\n\n\n<p>25 \u00a7 Toimi- ja tilikausi<\/p>\n\n\n\n<p>Yhdistyksen toimi- ja tilikausi on kalenterivuosi.<\/p>\n\n\n\n<p>26 \u00a7 Tilintarkastajat<\/p>\n\n\n\n<p>Hallituksen on toimitettava tilinp\u00e4\u00e4t\u00f6s tarvittavine asiakirjoineen, yhdistyksen ja hallituksen kokousten p\u00f6yt\u00e4kirjat, sek\u00e4 toimintakertomus tilintarkastajalle viimeist\u00e4\u00e4n kolme (3) viikkoa ennen kev\u00e4tkokousta.<\/p>\n\n\n\n<p>Tilintarkastajan tulee antaa hallitukselle kirjallinen, kev\u00e4tkokoukselle osoitettu lausunto toimittamastaan yhdistyksen hallinnon ja tilien tarkastuksesta viimeist\u00e4\u00e4n kaksi (2) viikkoa ennen kev\u00e4tkokousta.<\/p>\n\n\n\n<p>27 \u00a7 Yhdistyksen p\u00e4\u00e4t\u00f6sten moittiminen<\/p>\n\n\n\n<p>Jos yhdistyksen p\u00e4\u00e4t\u00f6s ei ole syntynyt asianmukaisessa j\u00e4rjestyksess\u00e4 tai jos se muutoin on lain tai yhdistyksen s\u00e4\u00e4nt\u00f6jen vastainen, voi yhdistyksen j\u00e4sen, hallitus tai hallituksen j\u00e4sen nostaa kanteen yhdistyst\u00e4 vastaan p\u00e4\u00e4t\u00f6ksen julistamiseksi p\u00e4tem\u00e4tt\u00f6m\u00e4ksi. Oikeutta moitekanteen nostamiseen ei ole sill\u00e4, joka on kokouksessa my\u00f6t\u00e4vaikuttanut p\u00e4\u00e4t\u00f6ksen tekemiseen.<\/p>\n\n\n\n<p>28 \u00a7 S\u00e4\u00e4nt\u00f6jen muuttaminen<\/p>\n\n\n\n<p>Muutoksia n\u00e4ihin s\u00e4\u00e4nt\u00f6ihin voidaan tehd\u00e4, jos muutosesitys on hyv\u00e4ksytty v\u00e4hint\u00e4\u00e4n kolmen nelj\u00e4sosan (\u00be) enemmist\u00f6ll\u00e4 annetuista \u00e4\u00e4nist\u00e4 kahdessa (2) per\u00e4kk\u00e4isess\u00e4 yhdistyksen kokouksessa, joiden v\u00e4li on ollut v\u00e4hint\u00e4\u00e4n nelj\u00e4toista (14) vuorokautta. S\u00e4\u00e4nt\u00f6jen muuttamisesta on mainittava kokouskutsussa.<\/p>\n\n\n\n<p>Muutosesityksen voi tehd\u00e4 yhdistyksen hallitus tai v\u00e4hint\u00e4\u00e4n yksi kymmenesosa (1\/10) yhdistyksen varsinaisista j\u00e4senist\u00e4 kirjallisena hallitukselle. Muutosesitys on k\u00e4sitelt\u00e4v\u00e4 seuraavassa yhdistyksen kokouksessa.<\/p>\n\n\n\n<p>29 \u00a7 Yhdistyksen purkautuminen<\/p>\n\n\n\n<p>Yhdistys purkautuu, jos yhdistyksen kokous tekee siit\u00e4 p\u00e4\u00e4t\u00f6ksen v\u00e4hint\u00e4\u00e4n kolmen nelj\u00e4sosan (\u00be) enemmist\u00f6ll\u00e4 annetuista \u00e4\u00e4nist\u00e4 kahdessa (2) per\u00e4kk\u00e4isess\u00e4 kokouksessa, joiden v\u00e4li on v\u00e4hint\u00e4\u00e4n kolmekymment\u00e4 (30) vuorokautta.<\/p>\n\n\n\n<p>Yhdistyksen purkauduttua tai sen tultua lakkautetuksi sen varat on k\u00e4ytett\u00e4v\u00e4 yhdistyksen tarkoitusta palvelevan toiminnan hyv\u00e4ksi purkautumisesta p\u00e4\u00e4tt\u00e4v\u00e4n j\u00e4lkimm\u00e4isen kokouksen p\u00e4\u00e4t\u00f6ksen mukaisesti.<\/p>\n\n\n\n<p>30 \u00a7 S\u00e4\u00e4nn\u00f6iss\u00e4 m\u00e4\u00e4r\u00e4\u00e4m\u00e4tt\u00f6m\u00e4t asiat<\/p>\n\n\n\n<p>Yhdistyksen toiminnassa noudatetaan n\u00e4iden s\u00e4\u00e4nt\u00f6jen lis\u00e4ksi yhdistyslakia, kirjanpitolakia<br>sek\u00e4 tilintarkastuslakia.<\/p>\n","protected":false},"excerpt":{"rendered":"<p>YL\u00c4-SAVON MOBILISTIT JA KONEPY\u00d6R\u00c4ILIJ\u00c4T YHDISTYKSEN S\u00c4\u00c4NN\u00d6T 1 LukuYhdistyksen nimi, kotipaikka ja tarkoitus 1 \u00a7 Yhdistyksen nimi ja kotipaikka Yhdistyksen nimi on Yl\u00e4-Savon Mobilistit ja Konepy\u00f6r\u00e4ilij\u00e4t ja sen kotipaikka on Iisalmi ja toimialue Yl\u00e4-Savo. Yhdistys on valtakunnallisen Suomen ajoneuvohistoriallisen keskusliiton &#8211; SAHK ry:n j\u00e4senyhdistys. 2 \u00a7 Yhdistyksen tarkoitus Yhdistyksen tarkoituksena on Yhdistys ei osallistu poliittiseen eik\u00e4<span class=\"post-excerpt-end\">&hellip;<\/span><\/p>\n<p class=\"more-link\"><a href=\"https:\/\/ylasavonmobilistit.fi\/index.php\/yhdistyksen-saannot\/\" class=\"themebutton\">Read More<\/a><\/p>\n","protected":false},"author":1,"featured_media":0,"parent":0,"menu_order":0,"comment_status":"closed","ping_status":"closed","template":"","meta":{"footnotes":""},"class_list":["post-23","page","type-page","status-publish","hentry"],"yoast_head":"<!-- This site is optimized with the Yoast SEO plugin v20.13 - https:\/\/yoast.com\/wordpress\/plugins\/seo\/ -->\n<title>Yhdistyksen s\u00e4\u00e4nn\u00f6t - Yl\u00e4-Savon Mobilistit ja Konepy\u00f6r\u00e4ilij\u00e4t ry<\/title>\n<meta name=\"robots\" content=\"index, follow, max-snippet:-1, max-image-preview:large, max-video-preview:-1\" \/>\n<link rel=\"canonical\" href=\"https:\/\/ylasavonmobilistit.fi\/index.php\/yhdistyksen-saannot\/\" \/>\n<meta property=\"og:locale\" content=\"fi_FI\" \/>\n<meta property=\"og:type\" content=\"article\" \/>\n<meta property=\"og:title\" content=\"Yhdistyksen s\u00e4\u00e4nn\u00f6t - Yl\u00e4-Savon Mobilistit ja Konepy\u00f6r\u00e4ilij\u00e4t ry\" \/>\n<meta property=\"og:description\" content=\"YL\u00c4-SAVON MOBILISTIT JA KONEPY\u00d6R\u00c4ILIJ\u00c4T YHDISTYKSEN S\u00c4\u00c4NN\u00d6T 1 LukuYhdistyksen nimi, kotipaikka ja tarkoitus 1 \u00a7 Yhdistyksen nimi ja kotipaikka Yhdistyksen nimi on Yl\u00e4-Savon Mobilistit ja Konepy\u00f6r\u00e4ilij\u00e4t ja sen kotipaikka on Iisalmi ja toimialue Yl\u00e4-Savo. Yhdistys on valtakunnallisen Suomen ajoneuvohistoriallisen keskusliiton &#8211; SAHK ry:n j\u00e4senyhdistys. 2 \u00a7 Yhdistyksen tarkoitus Yhdistyksen tarkoituksena on Yhdistys ei osallistu poliittiseen eik\u00e4&hellip;Read More\" \/>\n<meta property=\"og:url\" content=\"https:\/\/ylasavonmobilistit.fi\/index.php\/yhdistyksen-saannot\/\" \/>\n<meta property=\"og:site_name\" content=\"Yl\u00e4-Savon Mobilistit ja Konepy\u00f6r\u00e4ilij\u00e4t ry\" \/>\n<meta property=\"article:modified_time\" content=\"2025-03-18T16:25:00+00:00\" \/>\n<meta name=\"twitter:card\" content=\"summary_large_image\" \/>\n<meta name=\"twitter:label1\" content=\"Arvioitu lukuaika\" \/>\n\t<meta name=\"twitter:data1\" content=\"10 minuuttia\" \/>\n<script type=\"application\/ld+json\" class=\"yoast-schema-graph\">{\"@context\":\"https:\/\/schema.org\",\"@graph\":[{\"@type\":\"WebPage\",\"@id\":\"https:\/\/ylasavonmobilistit.fi\/index.php\/yhdistyksen-saannot\/\",\"url\":\"https:\/\/ylasavonmobilistit.fi\/index.php\/yhdistyksen-saannot\/\",\"name\":\"Yhdistyksen s\u00e4\u00e4nn\u00f6t - Yl\u00e4-Savon Mobilistit ja Konepy\u00f6r\u00e4ilij\u00e4t ry\",\"isPartOf\":{\"@id\":\"https:\/\/ylasavonmobilistit.fi\/#website\"},\"datePublished\":\"2023-07-30T08:46:50+00:00\",\"dateModified\":\"2025-03-18T16:25:00+00:00\",\"breadcrumb\":{\"@id\":\"https:\/\/ylasavonmobilistit.fi\/index.php\/yhdistyksen-saannot\/#breadcrumb\"},\"inLanguage\":\"fi\",\"potentialAction\":[{\"@type\":\"ReadAction\",\"target\":[\"https:\/\/ylasavonmobilistit.fi\/index.php\/yhdistyksen-saannot\/\"]}]},{\"@type\":\"BreadcrumbList\",\"@id\":\"https:\/\/ylasavonmobilistit.fi\/index.php\/yhdistyksen-saannot\/#breadcrumb\",\"itemListElement\":[{\"@type\":\"ListItem\",\"position\":1,\"name\":\"Etusivu\",\"item\":\"https:\/\/ylasavonmobilistit.fi\/\"},{\"@type\":\"ListItem\",\"position\":2,\"name\":\"Yhdistyksen s\u00e4\u00e4nn\u00f6t\"}]},{\"@type\":\"WebSite\",\"@id\":\"https:\/\/ylasavonmobilistit.fi\/#website\",\"url\":\"https:\/\/ylasavonmobilistit.fi\/\",\"name\":\"Yl\u00e4-Savon Mobilistit ja Konepy\u00f6r\u00e4ilij\u00e4t ry\",\"description\":\"\",\"potentialAction\":[{\"@type\":\"SearchAction\",\"target\":{\"@type\":\"EntryPoint\",\"urlTemplate\":\"https:\/\/ylasavonmobilistit.fi\/?s={search_term_string}\"},\"query-input\":\"required name=search_term_string\"}],\"inLanguage\":\"fi\"}]}<\/script>\n<!-- \/ Yoast SEO plugin. -->","yoast_head_json":{"title":"Yhdistyksen s\u00e4\u00e4nn\u00f6t - Yl\u00e4-Savon Mobilistit ja Konepy\u00f6r\u00e4ilij\u00e4t ry","robots":{"index":"index","follow":"follow","max-snippet":"max-snippet:-1","max-image-preview":"max-image-preview:large","max-video-preview":"max-video-preview:-1"},"canonical":"https:\/\/ylasavonmobilistit.fi\/index.php\/yhdistyksen-saannot\/","og_locale":"fi_FI","og_type":"article","og_title":"Yhdistyksen s\u00e4\u00e4nn\u00f6t - Yl\u00e4-Savon Mobilistit ja Konepy\u00f6r\u00e4ilij\u00e4t ry","og_description":"YL\u00c4-SAVON MOBILISTIT JA KONEPY\u00d6R\u00c4ILIJ\u00c4T YHDISTYKSEN S\u00c4\u00c4NN\u00d6T 1 LukuYhdistyksen nimi, kotipaikka ja tarkoitus 1 \u00a7 Yhdistyksen nimi ja kotipaikka Yhdistyksen nimi on Yl\u00e4-Savon Mobilistit ja Konepy\u00f6r\u00e4ilij\u00e4t ja sen kotipaikka on Iisalmi ja toimialue Yl\u00e4-Savo. Yhdistys on valtakunnallisen Suomen ajoneuvohistoriallisen keskusliiton &#8211; SAHK ry:n j\u00e4senyhdistys. 2 \u00a7 Yhdistyksen tarkoitus Yhdistyksen tarkoituksena on Yhdistys ei osallistu poliittiseen eik\u00e4&hellip;Read More","og_url":"https:\/\/ylasavonmobilistit.fi\/index.php\/yhdistyksen-saannot\/","og_site_name":"Yl\u00e4-Savon Mobilistit ja Konepy\u00f6r\u00e4ilij\u00e4t ry","article_modified_time":"2025-03-18T16:25:00+00:00","twitter_card":"summary_large_image","twitter_misc":{"Arvioitu lukuaika":"10 minuuttia"},"schema":{"@context":"https:\/\/schema.org","@graph":[{"@type":"WebPage","@id":"https:\/\/ylasavonmobilistit.fi\/index.php\/yhdistyksen-saannot\/","url":"https:\/\/ylasavonmobilistit.fi\/index.php\/yhdistyksen-saannot\/","name":"Yhdistyksen s\u00e4\u00e4nn\u00f6t - Yl\u00e4-Savon Mobilistit ja Konepy\u00f6r\u00e4ilij\u00e4t ry","isPartOf":{"@id":"https:\/\/ylasavonmobilistit.fi\/#website"},"datePublished":"2023-07-30T08:46:50+00:00","dateModified":"2025-03-18T16:25:00+00:00","breadcrumb":{"@id":"https:\/\/ylasavonmobilistit.fi\/index.php\/yhdistyksen-saannot\/#breadcrumb"},"inLanguage":"fi","potentialAction":[{"@type":"ReadAction","target":["https:\/\/ylasavonmobilistit.fi\/index.php\/yhdistyksen-saannot\/"]}]},{"@type":"BreadcrumbList","@id":"https:\/\/ylasavonmobilistit.fi\/index.php\/yhdistyksen-saannot\/#breadcrumb","itemListElement":[{"@type":"ListItem","position":1,"name":"Etusivu","item":"https:\/\/ylasavonmobilistit.fi\/"},{"@type":"ListItem","position":2,"name":"Yhdistyksen s\u00e4\u00e4nn\u00f6t"}]},{"@type":"WebSite","@id":"https:\/\/ylasavonmobilistit.fi\/#website","url":"https:\/\/ylasavonmobilistit.fi\/","name":"Yl\u00e4-Savon Mobilistit ja Konepy\u00f6r\u00e4ilij\u00e4t ry","description":"","potentialAction":[{"@type":"SearchAction","target":{"@type":"EntryPoint","urlTemplate":"https:\/\/ylasavonmobilistit.fi\/?s={search_term_string}"},"query-input":"required name=search_term_string"}],"inLanguage":"fi"}]}},"_links":{"self":[{"href":"https:\/\/ylasavonmobilistit.fi\/index.php\/wp-json\/wp\/v2\/pages\/23","targetHints":{"allow":["GET"]}}],"collection":[{"href":"https:\/\/ylasavonmobilistit.fi\/index.php\/wp-json\/wp\/v2\/pages"}],"about":[{"href":"https:\/\/ylasavonmobilistit.fi\/index.php\/wp-json\/wp\/v2\/types\/page"}],"author":[{"embeddable":true,"href":"https:\/\/ylasavonmobilistit.fi\/index.php\/wp-json\/wp\/v2\/users\/1"}],"replies":[{"embeddable":true,"href":"https:\/\/ylasavonmobilistit.fi\/index.php\/wp-json\/wp\/v2\/comments?post=23"}],"version-history":[{"count":4,"href":"https:\/\/ylasavonmobilistit.fi\/index.php\/wp-json\/wp\/v2\/pages\/23\/revisions"}],"predecessor-version":[{"id":944,"href":"https:\/\/ylasavonmobilistit.fi\/index.php\/wp-json\/wp\/v2\/pages\/23\/revisions\/944"}],"wp:attachment":[{"href":"https:\/\/ylasavonmobilistit.fi\/index.php\/wp-json\/wp\/v2\/media?parent=23"}],"curies":[{"name":"wp","href":"https:\/\/api.w.org\/{rel}","templated":true}]}}